{"id":4819,"date":"2024-03-02T18:09:37","date_gmt":"2024-03-02T17:09:37","guid":{"rendered":"https:\/\/colloque.physiobell.fr\/?page_id=4819"},"modified":"2026-01-18T13:57:06","modified_gmt":"2026-01-18T12:57:06","slug":"colloques-passes-et-packs-replays","status":"publish","type":"page","link":"https:\/\/colloque.physiobell.fr\/index.php\/colloques-passes-et-packs-replays\/","title":{"rendered":"Colloques pass\u00e9s et packs replays"},"content":{"rendered":"\t\t<div data-elementor-type=\"wp-page\" data-elementor-id=\"4819\" class=\"elementor elementor-4819\" data-elementor-post-type=\"page\">\n\t\t\t\t\t\t<section class=\"elementor-section elementor-top-section elementor-element elementor-element-49e9bdc elementor-section-boxed elementor-section-height-default elementor-section-height-default\" data-id=\"49e9bdc\" data-element_type=\"section\" data-e-type=\"section\">\n\t\t\t\t\t\t<div class=\"elementor-container elementor-column-gap-default\">\n\t\t\t\t\t<div class=\"elementor-column elementor-col-100 elementor-top-column elementor-element elementor-element-4853ece\" data-id=\"4853ece\" data-element_type=\"column\" data-e-type=\"column\">\n\t\t\t<div class=\"elementor-widget-wrap elementor-element-populated\">\n\t\t\t\t\t\t<div class=\"elementor-element elementor-element-a36507d elementor-widget elementor-widget-text-editor\" data-id=\"a36507d\" data-element_type=\"widget\" data-e-type=\"widget\" data-widget_type=\"text-editor.default\">\n\t\t\t\t<div class=\"elementor-widget-container\">\n\t\t\t\t\t\t\t\t\t<p>Les anciens colloques qui d\u00e9chirent &#8230;.<\/p>\t\t\t\t\t\t\t\t<\/div>\n\t\t\t\t<\/div>\n\t\t\t\t<section class=\"elementor-section elementor-inner-section elementor-element elementor-element-3b32f52 elementor-section-boxed elementor-section-height-default elementor-section-height-default\" data-id=\"3b32f52\" data-element_type=\"section\" data-e-type=\"section\">\n\t\t\t\t\t\t<div class=\"elementor-container elementor-column-gap-default\">\n\t\t\t\t\t<div class=\"elementor-column elementor-col-50 elementor-inner-column elementor-element elementor-element-ae9e376\" data-id=\"ae9e376\" data-element_type=\"column\" data-e-type=\"column\">\n\t\t\t<div class=\"elementor-widget-wrap elementor-element-populated\">\n\t\t\t\t\t\t<div class=\"elementor-element elementor-element-205a890 elementor-widget elementor-widget-image\" data-id=\"205a890\" data-element_type=\"widget\" data-e-type=\"widget\" data-widget_type=\"image.default\">\n\t\t\t\t<div class=\"elementor-widget-container\">\n\t\t\t\t\t\t\t\t\t\t\t\t\t\t\t\t<a href=\"https:\/\/colloque.physiobell.fr\/index.php\/packs-replay-des-colloques\/replay-vivre-la-menopause-autrement\/\">\n\t\t\t\t\t\t\t<img fetchpriority=\"high\" decoding=\"async\" width=\"800\" height=\"534\" src=\"https:\/\/colloque.physiobell.fr\/wp-content\/uploads\/2023\/04\/Mock-16-9.png\" class=\"attachment-large size-large wp-image-2380\" alt=\"\" srcset=\"https:\/\/colloque.physiobell.fr\/wp-content\/uploads\/2023\/04\/Mock-16-9.png 850w, https:\/\/colloque.physiobell.fr\/wp-content\/uploads\/2023\/04\/Mock-16-9-300x200.png 300w, https:\/\/colloque.physiobell.fr\/wp-content\/uploads\/2023\/04\/Mock-16-9-768x512.png 768w\" sizes=\"(max-width: 800px) 100vw, 800px\" \/>\t\t\t\t\t\t\t\t<\/a>\n\t\t\t\t\t\t\t\t\t\t\t\t\t\t\t<\/div>\n\t\t\t\t<\/div>\n\t\t\t\t\t<\/div>\n\t\t<\/div>\n\t\t\t\t<div class=\"elementor-column elementor-col-50 elementor-inner-column elementor-element elementor-element-1651d7e\" data-id=\"1651d7e\" data-element_type=\"column\" data-e-type=\"column\">\n\t\t\t<div class=\"elementor-widget-wrap elementor-element-populated\">\n\t\t\t\t\t\t<div class=\"elementor-element elementor-element-9e451c0 elementor-widget elementor-widget-text-editor\" data-id=\"9e451c0\" data-element_type=\"widget\" data-e-type=\"widget\" data-widget_type=\"text-editor.default\">\n\t\t\t\t<div class=\"elementor-widget-container\">\n\t\t\t\t\t\t\t\t\t<p>Comprendre ce que vivent les clientes qui arrivent dans la transition m\u00e9nopausique (ou pr\u00e9-m\u00e9nopause) et la m\u00e9nopause.\u00a0<\/p><p>Leur apporter des r\u00e9ponses, du soutien, de la compr\u00e9hension. Qu&rsquo;elles trouvent enfin un endroit, votre institut, o\u00f9 elles peuvent se livrer et se sentir accueillies sans jugement pour trouver des solutions \u00e0 leurs sympt\u00f4mes, voil\u00e0 ce qu&rsquo;a abord\u00e9 le premier colloque consacr\u00e9 \u00e0 la m\u00e9nopause.\u00a0\u00a0<\/p><p><a href=\"https:\/\/colloque.physiobell.fr\/index.php\/packs-replay-des-colloques\/replay-vivre-la-menopause-autrement\/\">Vous souhaitez avoir les conf\u00e9rences du colloque sur la m\u00e9nopause, cliquez ici !<\/a><\/p>\t\t\t\t\t\t\t\t<\/div>\n\t\t\t\t<\/div>\n\t\t\t\t\t<\/div>\n\t\t<\/div>\n\t\t\t\t\t<\/div>\n\t\t<\/section>\n\t\t\t\t<section class=\"elementor-section elementor-inner-section elementor-element elementor-element-6b8f558 elementor-section-boxed elementor-section-height-default elementor-section-height-default\" data-id=\"6b8f558\" data-element_type=\"section\" data-e-type=\"section\">\n\t\t\t\t\t\t<div class=\"elementor-container elementor-column-gap-default\">\n\t\t\t\t\t<div class=\"elementor-column elementor-col-50 elementor-inner-column elementor-element elementor-element-21fb20a\" data-id=\"21fb20a\" data-element_type=\"column\" data-e-type=\"column\">\n\t\t\t<div class=\"elementor-widget-wrap elementor-element-populated\">\n\t\t\t\t\t\t<div class=\"elementor-element elementor-element-6007e98 elementor-widget elementor-widget-text-editor\" data-id=\"6007e98\" data-element_type=\"widget\" data-e-type=\"widget\" data-widget_type=\"text-editor.default\">\n\t\t\t\t<div class=\"elementor-widget-container\">\n\t\t\t\t\t\t\t\t\t<p>Comprendre ce que vivent la client\u00e8le qui fait une chirurgie bariatrique ou esth\u00e9tique. Savoir quels soins et quels conseils on peut lui apporter.<\/p><p>Leur donner des r\u00e9ponses, du soutien, de la compr\u00e9hension. Qu&rsquo;elles trouvent enfin un endroit, votre institut, o\u00f9 elles peuvent se livrer et se sentir accueillies sans jugement pour trouver des solutions \u00e0 leurs sympt\u00f4mes, voil\u00e0 ce qu&rsquo;a abord\u00e9 le deuxi\u00e8me colloque consacr\u00e9 \u00e0 l&rsquo;accompagnement de la client\u00e8le en surpoids.<\/p><p><a href=\"https:\/\/colloque.physiobell.fr\/index.php\/replay-accompagner-sa-clientele-en-surpoids\/\">Vous souhaitez avoir les conf\u00e9rences du colloque sur l&rsquo;accomapgnement de la client\u00e8le en surpoids, cliquez ici !<\/a><\/p>\t\t\t\t\t\t\t\t<\/div>\n\t\t\t\t<\/div>\n\t\t\t\t\t<\/div>\n\t\t<\/div>\n\t\t\t\t<div class=\"elementor-column elementor-col-50 elementor-inner-column elementor-element elementor-element-f67571c\" data-id=\"f67571c\" data-element_type=\"column\" data-e-type=\"column\">\n\t\t\t<div class=\"elementor-widget-wrap elementor-element-populated\">\n\t\t\t\t\t\t<div class=\"elementor-element elementor-element-829a363 elementor-widget elementor-widget-image\" data-id=\"829a363\" data-element_type=\"widget\" data-e-type=\"widget\" data-widget_type=\"image.default\">\n\t\t\t\t<div class=\"elementor-widget-container\">\n\t\t\t\t\t\t\t\t\t\t\t\t\t\t\t\t<a href=\"https:\/\/colloque.physiobell.fr\/index.php\/replay-accompagner-sa-clientele-en-surpoids\/\">\n\t\t\t\t\t\t\t<img decoding=\"async\" width=\"800\" height=\"588\" src=\"https:\/\/colloque.physiobell.fr\/wp-content\/uploads\/2023\/05\/Capture-decran-2023-05-22-a-16.34.40-1024x752.png\" class=\"attachment-large size-large wp-image-3656\" alt=\"Colloque Physiobell&#039; surpoids\" srcset=\"https:\/\/colloque.physiobell.fr\/wp-content\/uploads\/2023\/05\/Capture-decran-2023-05-22-a-16.34.40-1024x752.png 1024w, https:\/\/colloque.physiobell.fr\/wp-content\/uploads\/2023\/05\/Capture-decran-2023-05-22-a-16.34.40-300x220.png 300w, https:\/\/colloque.physiobell.fr\/wp-content\/uploads\/2023\/05\/Capture-decran-2023-05-22-a-16.34.40-768x564.png 768w, https:\/\/colloque.physiobell.fr\/wp-content\/uploads\/2023\/05\/Capture-decran-2023-05-22-a-16.34.40.png 1116w\" sizes=\"(max-width: 800px) 100vw, 800px\" \/>\t\t\t\t\t\t\t\t<\/a>\n\t\t\t\t\t\t\t\t\t\t\t\t\t\t\t<\/div>\n\t\t\t\t<\/div>\n\t\t\t\t\t<\/div>\n\t\t<\/div>\n\t\t\t\t\t<\/div>\n\t\t<\/section>\n\t\t\t\t\t<\/div>\n\t\t<\/div>\n\t\t\t\t\t<\/div>\n\t\t<\/section>\n\t\t\t\t<section class=\"elementor-section elementor-top-section elementor-element elementor-element-1868c9da elementor-section-boxed elementor-section-height-default elementor-section-height-default\" data-id=\"1868c9da\" data-element_type=\"section\" data-e-type=\"section\" data-settings=\"{&quot;shape_divider_bottom&quot;:&quot;drops&quot;,&quot;background_background&quot;:&quot;classic&quot;}\">\n\t\t\t\t\t<div class=\"elementor-shape elementor-shape-bottom\" aria-hidden=\"true\" data-negative=\"false\">\n\t\t\t<svg xmlns=\"http:\/\/www.w3.org\/2000\/svg\" height=\"100%\" viewBox=\"0 0 283.5 27.8\" preserveAspectRatio=\"xMidYMax slice\">\n\t<path class=\"elementor-shape-fill\" d=\"M0 0v1.4c.6.7 1.1 1.4 1.4 2 2 3.8 2.2 6.6 1.8 10.8-.3 3.3-2.4 9.4 0 12.3 1.7 2 3.7 1.4 4.6-.9 1.4-3.8-.7-8.2-.6-12 .1-3.7 3.2-5.5 6.9-4.9 4 .6 4.8 4 4.9 7.4.1 1.8-1.1 7 0 8.5.6.8 1.6 1.2 2.4.5 1.4-1.1.1-5.4.1-6.9.1-3.7.3-8.6 4.1-10.5 5-2.5 6.2 1.6 5.4 5.6-.4 1.7-1 9.2 2.9 6.3 1.5-1.1.7-3.5.5-4.9-.4-2.4-.4-4.3 1-6.5.9-1.4 2.4-3.1 4.2-3 2.4.1 2.7 2.2 4 3.7 1.5 1.8 1.8 2.2 3 .1 1.1-1.9 1.2-2.8 3.6-3.3 1.3-.3 4.8-1.4 5.9-.5 1.5 1.1.6 2.8.4 4.3-.2 1.1-.6 4 1.8 3.4 1.7-.4-.3-4.1.6-5.6 1.3-2.2 5.8-1.4 7 .5 1.3 2.1.5 5.8.1 8.1s-1.2 5-.6 7.4c1.3 5.1 4.4.9 4.3-2.4-.1-4.4-2-8.8-.5-13 .9-2.4 4.6-6.6 7.7-4.5 2.7 1.8.5 7.8.2 10.3-.2 1.7-.8 4.6.2 6.2.9 1.4 2 1.5 2.6-.3.5-1.5-.9-4.5-1-6.1-.2-1.7-.4-3.7.2-5.4 1.8-5.6 3.5 2.4 6.3.6 1.4-.9 4.3-9.4 6.1-3.1.6 2.2-1.3 7.8.7 8.9 4.2 2.3 1.5-7.1 2.2-8 3.1-4 4.7 3.8 6.1 4.1 3.1.7 2.8-7.9 8.1-4.5 1.7 1.1 2.9 3.3 3.2 5.2.4 2.2-1 4.5-.6 6.6 1 4.3 4.4 1.5 4.4-1.7 0-2.7-3-8.3 1.4-9.1 4.4-.9 7.3 3.5 7.8 6.9.3 2-1.5 10.9 1.3 11.3 4.1.6-3.2-15.7 4.8-15.8 4.7-.1 2.8 4.1 3.9 6.6 1 2.4 2.1 1 2.3-.8.3-1.9-.9-3.2 1.3-4.3 5.9-2.9 5.9 5.4 5.5 8.5-.3 2-1.7 8.4 2 8.1 6.9-.5-2.8-16.9 4.8-18.7 4.7-1.2 6.1 3.6 6.3 7.1.1 1.7-1.2 8.1.6 9.1 3.5 2 1.9-7 2-8.4.2-4 1.2-9.6 6.4-9.8 4.7-.2 3.2 4.6 2.7 7.5-.4 2.2 1.3 8.6 3.8 4.4 1.1-1.9-.3-4.1-.3-6 0-1.7.4-3.2 1.3-4.6 1-1.6 2.9-3.5 5.1-2.9 2.5.6 2.3 4.1 4.1 4.9 1.9.8 1.6-.9 2.3-2.1 1.2-2.1 2.1-2.1 4.4-2.4 1.4-.2 3.6-1.5 4.9-.5 2.3 1.7-.7 4.4.1 6.5.6 1.5 2.1 1.7 2.8.3.7-1.4-1.1-3.4-.3-4.8 1.4-2.5 6.2-1.2 7.2 1 2.3 4.8-3.3 12-.2 16.3 3 4.1 3.9-2.8 3.8-4.8-.4-4.3-2.1-8.9 0-13.1 1.3-2.5 5.9-5.7 7.9-2.4 2 3.2-1.3 9.8-.8 13.4.5 4.4 3.5 3.3 2.7-.8-.4-1.9-2.4-10 .6-11.1 3.7-1.4 2.8 7.2 6.5.4 2.2-4.1 4.9-3.1 5.2 1.2.1 1.5-.6 3.1-.4 4.6.2 1.9 1.8 3.7 3.3 1.3 1-1.6-2.6-10.4 2.9-7.3 2.6 1.5 1.6 6.5 4.8 2.7 1.3-1.5 1.7-3.6 4-3.7 2.2-.1 4 2.3 4.8 4.1 1.3 2.9-1.5 8.4.9 10.3 4.2 3.3 3-5.5 2.7-6.9-.6-3.9 1-7.2 5.5-5 4.1 2.1 4.3 7.7 4.1 11.6 0 .8-.6 9.5 2.5 5.2 1.2-1.7-.1-7.7.1-9.6.3-2.9 1.2-5.5 4.3-6.2 4.5-1 7.7 1.5 7.4 5.8-.2 3.5-1.8 7.7-.5 11.1 1 2.7 3.6 2.8 5 .2 1.6-3.1 0-8.3-.4-11.6-.4-4.2-.2-7 1.8-10.8 0 0-.1.1-.1.2-.2.4-.3.7-.4.8v.1c-.1.2-.1.2 0 0v-.1l.4-.8c0-.1.1-.1.1-.2.2-.4.5-.8.8-1.2V0H0zM282.7 3.4z\"\/>\n<\/svg>\t\t<\/div>\n\t\t\t\t\t<div class=\"elementor-container elementor-column-gap-default\">\n\t\t\t\t\t<div class=\"elementor-column elementor-col-100 elementor-top-column elementor-element elementor-element-620bdc2e\" data-id=\"620bdc2e\" data-element_type=\"column\" data-e-type=\"column\" data-settings=\"{&quot;background_background&quot;:&quot;classic&quot;}\">\n\t\t\t<div class=\"elementor-widget-wrap elementor-element-populated\">\n\t\t\t\t\t\t<div class=\"elementor-element elementor-element-2ca712ae elementor-widget elementor-widget-heading\" data-id=\"2ca712ae\" data-element_type=\"widget\" data-e-type=\"widget\" data-widget_type=\"heading.default\">\n\t\t\t\t<div class=\"elementor-widget-container\">\n\t\t\t\t\t<h2 class=\"elementor-heading-title elementor-size-default\">Des \u00e9v\u00e8nements uniques pour la prise en charge<br>de vos clientes en souffrance<\/h2>\t\t\t\t<\/div>\n\t\t\t\t<\/div>\n\t\t\t\t<div class=\"elementor-element elementor-element-6190f5de elementor-widget elementor-widget-heading\" data-id=\"6190f5de\" data-element_type=\"widget\" data-e-type=\"widget\" data-widget_type=\"heading.default\">\n\t\t\t\t<div class=\"elementor-widget-container\">\n\t\t\t\t\t<h4 class=\"elementor-heading-title elementor-size-default\">Faites le pari de la sp\u00e9cialisation pour d\u00e9velopper votre expertise<\/h4>\t\t\t\t<\/div>\n\t\t\t\t<\/div>\n\t\t\t\t<div class=\"elementor-element elementor-element-573b976a elementor-widget elementor-widget-text-editor\" data-id=\"573b976a\" data-element_type=\"widget\" data-e-type=\"widget\" data-widget_type=\"text-editor.default\">\n\t\t\t\t<div class=\"elementor-widget-container\">\n\t\t\t\t\t\t\t\t\t<p>Rejoignez les <strong>professionnelles de la beaut\u00e9, du bien-\u00eatre et de la sant\u00e9<\/strong> qui choisissent d\u2019aller plus loin que la simple pratique :&nbsp;<span style=\"font-size: 1rem;\">celles qui affinent leur compr\u00e9hension du corps, de l\u2019\u00e9motion et de la physiologie pour offrir une prise en charge vraiment compl\u00e8te.<\/span><\/p>\n<p>Le <strong>Colloque Physiobell\u2019<\/strong> est l\u2019occasion d\u2019approfondir vos savoirs, d\u2019\u00e9largir vos perspectives et de renforcer votre l\u00e9gitimit\u00e9.<\/p>\n<p>En vous sp\u00e9cialisant, vous ne suivez pas la tendance \u2014 vous participez \u00e0 <strong>l\u2019\u00e9volution d\u2019un m\u00e9tier en pleine mutation<\/strong>, o\u00f9 la science, l\u2019humain et le soin se rejoignent enfin.<\/p>\n<p>Prenez une longueur d\u2019avance : d\u00e9veloppez une expertise reconnue, align\u00e9e avec les enjeux de demain, et faites rayonner votre pratique parmi les <strong>nouvelles figures de r\u00e9f\u00e9rence du soin global.<\/strong><!-- notionvc: 923f0b0c-2a8a-4120-9bde-b43f14ffd045 --><\/p>\t\t\t\t\t\t\t\t<\/div>\n\t\t\t\t<\/div>\n\t\t\t\t<div class=\"elementor-element elementor-element-6fa06937 elementor-widget elementor-widget-heading\" data-id=\"6fa06937\" data-element_type=\"widget\" data-e-type=\"widget\" data-widget_type=\"heading.default\">\n\t\t\t\t<div class=\"elementor-widget-container\">\n\t\t\t\t\t<h2 class=\"elementor-heading-title elementor-size-default\">Revivre ces moments uniques !<\/h2>\t\t\t\t<\/div>\n\t\t\t\t<\/div>\n\t\t\t\t<div class=\"elementor-element elementor-element-753a18a9 elementor-widget elementor-widget-text-editor\" data-id=\"753a18a9\" data-element_type=\"widget\" data-e-type=\"widget\" data-widget_type=\"text-editor.default\">\n\t\t\t\t<div class=\"elementor-widget-container\">\n\t\t\t\t\t\t\t\t\t<p data-start=\"4044\" data-end=\"4297\">Depuis 2022, le Colloque Physiobell\u2019 a ouvert la voie \u00e0 une nouvelle fa\u00e7on de penser nos m\u00e9tiers.<br data-start=\"4141\" data-end=\"4144\" \/>Chaque \u00e9dition a marqu\u00e9 une \u00e9tape importante dans la reconnaissance du r\u00f4le des professionnelles du soin global dans la sant\u00e9 et le bien-\u00eatre des femmes.<\/p><p data-start=\"4044\" data-end=\"4297\"><span style=\"font-size: 1rem;\">Des centaines de professionnelles y ont trouv\u00e9 des r\u00e9ponses, des outils, et surtout une communaut\u00e9.<\/span><\/p><p data-start=\"4533\" data-end=\"4744\">Les replays de ces \u00e9ditions sont disponibles pour prolonger l\u2019exp\u00e9rience et nourrir ta pratique au quotidien.<\/p>\t\t\t\t\t\t\t\t<\/div>\n\t\t\t\t<\/div>\n\t\t\t\t<div class=\"elementor-element elementor-element-765c05ff elementor-grid-3 elementor-grid-tablet-2 elementor-grid-mobile-1 elementor-posts--thumbnail-top elementor-widget elementor-widget-posts\" data-id=\"765c05ff\" data-element_type=\"widget\" data-e-type=\"widget\" data-settings=\"{&quot;classic_masonry&quot;:&quot;yes&quot;,&quot;classic_columns&quot;:&quot;3&quot;,&quot;classic_columns_tablet&quot;:&quot;2&quot;,&quot;classic_columns_mobile&quot;:&quot;1&quot;,&quot;classic_row_gap&quot;:{&quot;unit&quot;:&quot;px&quot;,&quot;size&quot;:35,&quot;sizes&quot;:[]},&quot;classic_row_gap_tablet&quot;:{&quot;unit&quot;:&quot;px&quot;,&quot;size&quot;:&quot;&quot;,&quot;sizes&quot;:[]},&quot;classic_row_gap_mobile&quot;:{&quot;unit&quot;:&quot;px&quot;,&quot;size&quot;:&quot;&quot;,&quot;sizes&quot;:[]}}\" data-widget_type=\"posts.classic\">\n\t\t\t\t<div class=\"elementor-widget-container\">\n\t\t\t\t\t\t\t<div class=\"elementor-posts-container elementor-posts elementor-posts--skin-classic elementor-grid\" role=\"list\">\n\t\t\t\t<article class=\"elementor-post elementor-grid-item post-1774 page type-page status-publish has-post-thumbnail hentry\" role=\"listitem\">\n\t\t\t\t<a class=\"elementor-post__thumbnail__link\" href=\"https:\/\/colloque.physiobell.fr\/index.php\/colloques-passes-et-packs-replays\/replay-vivre-la-menopause-autrement\/\" tabindex=\"-1\" >\n\t\t\t<div class=\"elementor-post__thumbnail\"><img decoding=\"async\" width=\"300\" height=\"300\" src=\"https:\/\/colloque.physiobell.fr\/wp-content\/uploads\/2022\/02\/PUB_A4_MENAUPOSE_Carre_site-300x300.jpg\" class=\"attachment-medium size-medium wp-image-271\" alt=\"\" srcset=\"https:\/\/colloque.physiobell.fr\/wp-content\/uploads\/2022\/02\/PUB_A4_MENAUPOSE_Carre_site-300x300.jpg 300w, https:\/\/colloque.physiobell.fr\/wp-content\/uploads\/2022\/02\/PUB_A4_MENAUPOSE_Carre_site-1024x1024.jpg 1024w, https:\/\/colloque.physiobell.fr\/wp-content\/uploads\/2022\/02\/PUB_A4_MENAUPOSE_Carre_site-150x150.jpg 150w, https:\/\/colloque.physiobell.fr\/wp-content\/uploads\/2022\/02\/PUB_A4_MENAUPOSE_Carre_site-768x768.jpg 768w, https:\/\/colloque.physiobell.fr\/wp-content\/uploads\/2022\/02\/PUB_A4_MENAUPOSE_Carre_site-1536x1536.jpg 1536w, https:\/\/colloque.physiobell.fr\/wp-content\/uploads\/2022\/02\/PUB_A4_MENAUPOSE_Carre_site-2048x2048.jpg 2048w, https:\/\/colloque.physiobell.fr\/wp-content\/uploads\/2022\/02\/PUB_A4_MENAUPOSE_Carre_site-75x75.jpg 75w\" sizes=\"(max-width: 300px) 100vw, 300px\" \/><\/div>\n\t\t<\/a>\n\t\t\t\t<div class=\"elementor-post__text\">\n\t\t\t\t<h3 class=\"elementor-post__title\">\n\t\t\t<a href=\"https:\/\/colloque.physiobell.fr\/index.php\/colloques-passes-et-packs-replays\/replay-vivre-la-menopause-autrement\/\" >\n\t\t\t\tReplay &#8211; Vivre la m\u00e9nopause autrement !\t\t\t<\/a>\n\t\t<\/h3>\n\t\t\t\t<div class=\"elementor-post__excerpt\">\n\t\t\t<p>La m\u00e9nopause est un sujet rarement mis en lumi\u00e8re, et pourtant il touche toutes les femmes.\u00a0De plus,\u00a0 je suis persuad\u00e9e que nos instituts sont les<\/p>\n\t\t<\/div>\n\t\t\n\t\t<a class=\"elementor-post__read-more\" href=\"https:\/\/colloque.physiobell.fr\/index.php\/colloques-passes-et-packs-replays\/replay-vivre-la-menopause-autrement\/\" aria-label=\"En savoir plus sur Replay &#8211; Vivre la m\u00e9nopause autrement !\" tabindex=\"-1\" >\n\t\t\tEn savoir plus \u00bb\t\t<\/a>\n\n\t\t\t\t<\/div>\n\t\t\t\t<\/article>\n\t\t\t\t<article class=\"elementor-post elementor-grid-item post-4780 page type-page status-publish has-post-thumbnail hentry\" role=\"listitem\">\n\t\t\t\t<a class=\"elementor-post__thumbnail__link\" href=\"https:\/\/colloque.physiobell.fr\/index.php\/colloques-passes-et-packs-replays\/replay-accompagner-sa-clientele-en-surpoids\/\" tabindex=\"-1\" >\n\t\t\t<div class=\"elementor-post__thumbnail\"><img loading=\"lazy\" decoding=\"async\" width=\"300\" height=\"300\" src=\"https:\/\/colloque.physiobell.fr\/wp-content\/uploads\/2023\/02\/FORMAT_IMC_CARRE-300x300.png\" class=\"attachment-medium size-medium wp-image-1796\" alt=\"\" srcset=\"https:\/\/colloque.physiobell.fr\/wp-content\/uploads\/2023\/02\/FORMAT_IMC_CARRE-300x300.png 300w, https:\/\/colloque.physiobell.fr\/wp-content\/uploads\/2023\/02\/FORMAT_IMC_CARRE-1024x1024.png 1024w, https:\/\/colloque.physiobell.fr\/wp-content\/uploads\/2023\/02\/FORMAT_IMC_CARRE-150x150.png 150w, https:\/\/colloque.physiobell.fr\/wp-content\/uploads\/2023\/02\/FORMAT_IMC_CARRE-768x768.png 768w, https:\/\/colloque.physiobell.fr\/wp-content\/uploads\/2023\/02\/FORMAT_IMC_CARRE-1536x1536.png 1536w, https:\/\/colloque.physiobell.fr\/wp-content\/uploads\/2023\/02\/FORMAT_IMC_CARRE-2048x2048.png 2048w\" sizes=\"(max-width: 300px) 100vw, 300px\" \/><\/div>\n\t\t<\/a>\n\t\t\t\t<div class=\"elementor-post__text\">\n\t\t\t\t<h3 class=\"elementor-post__title\">\n\t\t\t<a href=\"https:\/\/colloque.physiobell.fr\/index.php\/colloques-passes-et-packs-replays\/replay-accompagner-sa-clientele-en-surpoids\/\" >\n\t\t\t\tReplay &#8211; Accompagner sa client\u00e8le en surpoids !\t\t\t<\/a>\n\t\t<\/h3>\n\t\t\t\t<div class=\"elementor-post__excerpt\">\n\t\t\t<p>Comprendre ce que vivent la client\u00e8le qui fait une chirurgie bariatrique ou esth\u00e9tique. Savoir quels soins et quels conseils on peut lui apporter. Leur donner<\/p>\n\t\t<\/div>\n\t\t\n\t\t<a class=\"elementor-post__read-more\" href=\"https:\/\/colloque.physiobell.fr\/index.php\/colloques-passes-et-packs-replays\/replay-accompagner-sa-clientele-en-surpoids\/\" aria-label=\"En savoir plus sur Replay &#8211; Accompagner sa client\u00e8le en surpoids !\" tabindex=\"-1\" >\n\t\t\tEn savoir plus \u00bb\t\t<\/a>\n\n\t\t\t\t<\/div>\n\t\t\t\t<\/article>\n\t\t\t\t<\/div>\n\t\t\n\t\t\t\t\t\t<\/div>\n\t\t\t\t<\/div>\n\t\t\t\t\t<\/div>\n\t\t<\/div>\n\t\t\t\t\t<\/div>\n\t\t<\/section>\n\t\t\t\t<\/div>\n\t\t","protected":false},"excerpt":{"rendered":"<p>Les anciens colloques qui d\u00e9chirent &#8230;. Comprendre ce que vivent les clientes qui arrivent dans la transition m\u00e9nopausique (ou pr\u00e9-m\u00e9nopause) et la m\u00e9nopause.\u00a0 Leur apporter des r\u00e9ponses, du soutien, de la compr\u00e9hension. Qu&rsquo;elles trouvent enfin un endroit, votre institut, o\u00f9 elles peuvent se livrer et se sentir accueillies sans jugement pour trouver des solutions \u00e0 [&hellip;]<\/p>\n","protected":false},"author":1,"featured_media":0,"parent":0,"menu_order":0,"comment_status":"closed","ping_status":"closed","template":"","meta":{"footnotes":""},"class_list":["post-4819","page","type-page","status-publish","hentry"],"_links":{"self":[{"href":"https:\/\/colloque.physiobell.fr\/index.php\/wp-json\/wp\/v2\/pages\/4819","targetHints":{"allow":["GET"]}}],"collection":[{"href":"https:\/\/colloque.physiobell.fr\/index.php\/wp-json\/wp\/v2\/pages"}],"about":[{"href":"https:\/\/colloque.physiobell.fr\/index.php\/wp-json\/wp\/v2\/types\/page"}],"author":[{"embeddable":true,"href":"https:\/\/colloque.physiobell.fr\/index.php\/wp-json\/wp\/v2\/users\/1"}],"replies":[{"embeddable":true,"href":"https:\/\/colloque.physiobell.fr\/index.php\/wp-json\/wp\/v2\/comments?post=4819"}],"version-history":[{"count":10,"href":"https:\/\/colloque.physiobell.fr\/index.php\/wp-json\/wp\/v2\/pages\/4819\/revisions"}],"predecessor-version":[{"id":7042,"href":"https:\/\/colloque.physiobell.fr\/index.php\/wp-json\/wp\/v2\/pages\/4819\/revisions\/7042"}],"wp:attachment":[{"href":"https:\/\/colloque.physiobell.fr\/index.php\/wp-json\/wp\/v2\/media?parent=4819"}],"curies":[{"name":"wp","href":"https:\/\/api.w.org\/{rel}","templated":true}]}}